{"id":1358,"date":"2020-05-05T19:10:49","date_gmt":"2020-05-05T22:10:49","guid":{"rendered":"https:\/\/isfdyt89-bue.infd.edu.ar\/sitio\/?page_id=1358"},"modified":"2021-09-22T19:27:53","modified_gmt":"2021-09-22T22:27:53","slug":"carreras-2020","status":"publish","type":"page","link":"https:\/\/isfdyt89-bue.infd.edu.ar\/sitio\/carreras-2020\/","title":{"rendered":"Carreras 2020"},"content":{"rendered":"<p><strong>CARRERAS DEL TURNO TARDE:<\/strong><\/p>\n<ul>\n<li><a title=\"Profesorado de Educaci\u00f3n Inicial y Primaria\" href=\"upload\/dcurricularsuperior1.pdf\" target=\"_blank\" rel=\"noopener\">PROFESORADO EN EDUCACI\u00d3N PRIMARIA<\/a><\/li>\n<li><a title=\"Acompa\u00f1ante Terap\u00e9utico\" href=\"https:\/\/isfdyt89-bue.infd.edu.ar\/sitio\/carreras-2018\/upload\/1221-15-acompaniamiento-terapeutico.pdf\" target=\"_blank\" rel=\"noopener\">TECNICATURA SUPERIOR EN ACOMPA\u00d1ANTE TERAP\u00c9UTICO (Resol. 1221\/15)<\/a><\/li>\n<\/ul>\n<p><strong>CARRERAS DEL TURNO VESPERTINO:<\/strong><\/p>\n<ul>\n<li><a title=\"Servicios Gastron\u00f3micos\" href=\"upload\/2011_-_Reso.__3753_Serv_Gastronomicos.pdf\" target=\"_blank\" rel=\"noopener\">TECNICATURA SUPERIOR EN SERVICIOS GASTRON\u00d3MICOS<strong>\u00a0<\/strong>(Resol. 3753\/11)<\/a><\/li>\n<li><a title=\"Resoluncion Enfermeria resol 546\/16\" href=\"upload\/546-16_Enfermeria.pdf\" target=\"_blank\" rel=\"noopener\">TECNICATURA SUPERIOR EN ENFERMER\u00cdA.<\/a><\/li>\n<li><a title=\"Profesorado de Educaci\u00f3n Inicial y Primaria\" href=\"https:\/\/isfdyt89-bue.infd.edu.ar\/sitio\/carreras-2017\/upload\/dcurricularsuperior1.pdf\" target=\"_blank\" rel=\"noopener\">PROFESORADO EN EDUCACI\u00d3N INICIAL<\/a><\/li>\n<li>COMUNICACI\u00d3N SOCIAL (2 LINKS DE DESCARGAS):\n<ul>\n<li><a href=\"https:\/\/isfdyt89-bue.infd.edu.ar\/sitio\/wp-content\/uploads\/2019\/11\/4998_10_comunicacion_social-1.pdf\">4998_10_comunicacion_social 1<\/a><\/li>\n<li><a href=\"https:\/\/isfdyt89-bue.infd.edu.ar\/sitio\/wp-content\/uploads\/2019\/11\/4998_10_comunicacion_social-2.pdf\">4998_10_comunicacion_social 2<\/a><\/li>\n<\/ul>\n<\/li>\n<\/ul>\n<p><strong>CARRERAS EN SEDE LAVALLE:<\/strong><\/p>\n<ul>\n<li><a title=\"Profesorado de Educaci\u00f3n Inicial y Primaria\" href=\"upload\/dcurricularsuperior1.pdf\" target=\"_blank\" rel=\"noopener\">PROFESORADO EN EDUCACI\u00d3N PRIMARIA<\/a><\/li>\n<\/ul>\n","protected":false},"excerpt":{"rendered":"<p>CARRERAS DEL TURNO TARDE: PROFESORADO EN EDUCACI\u00d3N PRIMARIA TECNICATURA SUPERIOR EN ACOMPA\u00d1ANTE TERAP\u00c9UTICO (Resol. 1221\/15) CARRERAS DEL TURNO VESPERTINO: TECNICATURA SUPERIOR EN SERVICIOS GASTRON\u00d3MICOS\u00a0(Resol. 3753\/11) TECNICATURA SUPERIOR EN ENFERMER\u00cdA. PROFESORADO EN EDUCACI\u00d3N INICIAL COMUNICACI\u00d3N SOCIAL (2 LINKS DE DESCARGAS): 4998_10_comunicacion_social 1 4998_10_comunicacion_social 2 CARRERAS EN SEDE LAVALLE: PROFESORADO EN EDUCACI\u00d3N PRIMARIA<\/p>\n","protected":false},"author":564,"featured_media":0,"parent":0,"menu_order":0,"comment_status":"closed","ping_status":"closed","template":"","meta":[],"acf":[],"_links":{"self":[{"href":"https:\/\/isfdyt89-bue.infd.edu.ar\/sitio\/wp-json\/wp\/v2\/pages\/1358"}],"collection":[{"href":"https:\/\/isfdyt89-bue.infd.edu.ar\/sitio\/wp-json\/wp\/v2\/pages"}],"about":[{"href":"https:\/\/isfdyt89-bue.infd.edu.ar\/sitio\/wp-json\/wp\/v2\/types\/page"}],"author":[{"embeddable":true,"href":"https:\/\/isfdyt89-bue.infd.edu.ar\/sitio\/wp-json\/wp\/v2\/users\/564"}],"replies":[{"embeddable":true,"href":"https:\/\/isfdyt89-bue.infd.edu.ar\/sitio\/wp-json\/wp\/v2\/comments?post=1358"}],"version-history":[{"count":5,"href":"https:\/\/isfdyt89-bue.infd.edu.ar\/sitio\/wp-json\/wp\/v2\/pages\/1358\/revisions"}],"predecessor-version":[{"id":1516,"href":"https:\/\/isfdyt89-bue.infd.edu.ar\/sitio\/wp-json\/wp\/v2\/pages\/1358\/revisions\/1516"}],"wp:attachment":[{"href":"https:\/\/isfdyt89-bue.infd.edu.ar\/sitio\/wp-json\/wp\/v2\/media?parent=1358"}],"curies":[{"name":"wp","href":"https:\/\/api.w.org\/{rel}","templated":true}]}}