{"id":1670,"date":"2022-06-08T20:35:46","date_gmt":"2022-06-08T23:35:46","guid":{"rendered":"https:\/\/isfdyt89-bue.infd.edu.ar\/sitio\/?page_id=1670"},"modified":"2022-07-16T20:02:32","modified_gmt":"2022-07-16T23:02:32","slug":"salud-y-educacion-la-tension-arterial","status":"publish","type":"page","link":"https:\/\/isfdyt89-bue.infd.edu.ar\/sitio\/salud-y-educacion-la-tension-arterial\/","title":{"rendered":"Salud y educaci\u00f3n: la tensi\u00f3n arterial"},"content":{"rendered":"\n<p>En el d\u00eda de la hipertensi\u00f3n arterial, las estudiantes de tercer a\u00f1o de la Tecnicatura Superior en Enfermer\u00eda llevaron adelante una jornada de concientizaci\u00f3n en la v\u00eda p\u00fablica.<\/p>\n\n\n\n<p>La misma se llev\u00f3 a cabo el 19 de mayo, en el marco de la pr\u00e1ctica profesional de la carrera,&nbsp;en donde se entregaron folletos informativos y tomaron la tensi\u00f3n arterial a las y los vecinos. Fue una actividad gratuita y abierta a toda la comunidad que se realiz\u00f3 en Av. Libertador, frente al monumento del General Jos\u00e9 de San Mart\u00edn, de la localidad de Mar de Ajo.<\/p>\n\n\n\n<figure class=\"wp-block-image size-large\"><img decoding=\"async\" loading=\"lazy\" width=\"1200\" height=\"1600\" src=\"https:\/\/isfdyt89-bue.infd.edu.ar\/sitio\/wp-content\/uploads\/2022\/06\/Enfermeria.jpg\" alt=\"\" class=\"wp-image-1671\" srcset=\"https:\/\/isfdyt89-bue.infd.edu.ar\/sitio\/wp-content\/uploads\/2022\/06\/Enfermeria.jpg 1200w, https:\/\/isfdyt89-bue.infd.edu.ar\/sitio\/wp-content\/uploads\/2022\/06\/Enfermeria-750x1000.jpg 750w, https:\/\/isfdyt89-bue.infd.edu.ar\/sitio\/wp-content\/uploads\/2022\/06\/Enfermeria-768x1024.jpg 768w, https:\/\/isfdyt89-bue.infd.edu.ar\/sitio\/wp-content\/uploads\/2022\/06\/Enfermeria-1152x1536.jpg 1152w\" sizes=\"(max-width: 1200px) 100vw, 1200px\" \/><\/figure>\n\n\n\n<p>Las estudiantes nos contaron que la jornada se repetir\u00e1 durante todo el a\u00f1o, en distintas circunstancias, con el fin de seguir generando conciencia sobre la salud.<\/p>\n\n\n\n<figure class=\"wp-block-image size-large\"><img decoding=\"async\" loading=\"lazy\" width=\"1200\" height=\"1600\" src=\"https:\/\/isfdyt89-bue.infd.edu.ar\/sitio\/wp-content\/uploads\/2022\/06\/Enfermeria2.png\" alt=\"\" class=\"wp-image-1672\" srcset=\"https:\/\/isfdyt89-bue.infd.edu.ar\/sitio\/wp-content\/uploads\/2022\/06\/Enfermeria2.png 1200w, https:\/\/isfdyt89-bue.infd.edu.ar\/sitio\/wp-content\/uploads\/2022\/06\/Enfermeria2-750x1000.png 750w, https:\/\/isfdyt89-bue.infd.edu.ar\/sitio\/wp-content\/uploads\/2022\/06\/Enfermeria2-768x1024.png 768w, https:\/\/isfdyt89-bue.infd.edu.ar\/sitio\/wp-content\/uploads\/2022\/06\/Enfermeria2-1152x1536.png 1152w\" sizes=\"(max-width: 1200px) 100vw, 1200px\" \/><\/figure>\n\n\n\n<figure class=\"wp-block-image size-large is-resized\"><img decoding=\"async\" loading=\"lazy\" src=\"https:\/\/isfdyt89-bue.infd.edu.ar\/sitio\/wp-content\/uploads\/2022\/06\/Enfermeria3.png\" alt=\"\" class=\"wp-image-1673\" width=\"1019\" height=\"754\" srcset=\"https:\/\/isfdyt89-bue.infd.edu.ar\/sitio\/wp-content\/uploads\/2022\/06\/Enfermeria3.png 806w, https:\/\/isfdyt89-bue.infd.edu.ar\/sitio\/wp-content\/uploads\/2022\/06\/Enfermeria3-768x568.png 768w\" sizes=\"(max-width: 1019px) 100vw, 1019px\" \/><\/figure>\n\n\n\n<figure class=\"wp-block-image size-large\"><img decoding=\"async\" loading=\"lazy\" width=\"1600\" height=\"1200\" src=\"https:\/\/isfdyt89-bue.infd.edu.ar\/sitio\/wp-content\/uploads\/2022\/06\/Enfermeria4.png\" alt=\"\" class=\"wp-image-1674\" srcset=\"https:\/\/isfdyt89-bue.infd.edu.ar\/sitio\/wp-content\/uploads\/2022\/06\/Enfermeria4.png 1600w, https:\/\/isfdyt89-bue.infd.edu.ar\/sitio\/wp-content\/uploads\/2022\/06\/Enfermeria4-1000x750.png 1000w, https:\/\/isfdyt89-bue.infd.edu.ar\/sitio\/wp-content\/uploads\/2022\/06\/Enfermeria4-768x576.png 768w, https:\/\/isfdyt89-bue.infd.edu.ar\/sitio\/wp-content\/uploads\/2022\/06\/Enfermeria4-1536x1152.png 1536w\" sizes=\"(max-width: 1600px) 100vw, 1600px\" \/><\/figure>\n\n\n\n<p><strong>Redacci\u00f3n: Flavia S\u00e1nchez Refuto, Nicol\u00e1s Toledo y Mar\u00eda Bernarda Diamandy<\/strong><\/p>\n\n\n\n<p>Estudiantes de Tercer a\u00f1o de Comunicaci\u00f3n Social.<\/p>\n","protected":false},"excerpt":{"rendered":"<p>En el d\u00eda de la hipertensi\u00f3n arterial, las estudiantes de tercer a\u00f1o de la Tecnicatura Superior en Enfermer\u00eda llevaron adelante una jornada de concientizaci\u00f3n en la v\u00eda p\u00fablica. La misma se llev\u00f3 a cabo el 19 de mayo, en el marco de la pr\u00e1ctica profesional de la carrera,&nbsp;en donde se entregaron folletos informativos y tomaron &#8230; <a title=\"Salud y educaci\u00f3n: la tensi\u00f3n arterial\" class=\"read-more\" href=\"https:\/\/isfdyt89-bue.infd.edu.ar\/sitio\/salud-y-educacion-la-tension-arterial\/\" aria-label=\"More on Salud y educaci\u00f3n: la tensi\u00f3n arterial\">[+]<\/a><\/p>\n","protected":false},"author":2304,"featured_media":0,"parent":0,"menu_order":0,"comment_status":"closed","ping_status":"closed","template":"","meta":[],"acf":[],"_links":{"self":[{"href":"https:\/\/isfdyt89-bue.infd.edu.ar\/sitio\/wp-json\/wp\/v2\/pages\/1670"}],"collection":[{"href":"https:\/\/isfdyt89-bue.infd.edu.ar\/sitio\/wp-json\/wp\/v2\/pages"}],"about":[{"href":"https:\/\/isfdyt89-bue.infd.edu.ar\/sitio\/wp-json\/wp\/v2\/types\/page"}],"author":[{"embeddable":true,"href":"https:\/\/isfdyt89-bue.infd.edu.ar\/sitio\/wp-json\/wp\/v2\/users\/2304"}],"replies":[{"embeddable":true,"href":"https:\/\/isfdyt89-bue.infd.edu.ar\/sitio\/wp-json\/wp\/v2\/comments?post=1670"}],"version-history":[{"count":3,"href":"https:\/\/isfdyt89-bue.infd.edu.ar\/sitio\/wp-json\/wp\/v2\/pages\/1670\/revisions"}],"predecessor-version":[{"id":1783,"href":"https:\/\/isfdyt89-bue.infd.edu.ar\/sitio\/wp-json\/wp\/v2\/pages\/1670\/revisions\/1783"}],"wp:attachment":[{"href":"https:\/\/isfdyt89-bue.infd.edu.ar\/sitio\/wp-json\/wp\/v2\/media?parent=1670"}],"curies":[{"name":"wp","href":"https:\/\/api.w.org\/{rel}","templated":true}]}}